{"id":5467,"date":"2023-12-17T13:12:38","date_gmt":"2023-12-17T12:12:38","guid":{"rendered":"https:\/\/bj-weilersbach.de\/?page_id=5467"},"modified":"2024-10-08T23:10:04","modified_gmt":"2024-10-08T21:10:04","slug":"herbstfest-2024","status":"publish","type":"page","link":"https:\/\/bj-weilersbach.de\/?page_id=5467","title":{"rendered":"Herbstfest 2024"},"content":{"rendered":"\n<hr class=\"wp-block-separator has-css-opacity\"\/>\n\n\n\n<p>Wir feiern am Samstag, 12. Oktober 2024 einen gepflegten Blasmusik-Abend der Extra-Klasse mit den<\/p>\n\n\n<div class=\"wp-block-image\">\n<figure class=\"aligncenter size-full\"><a href=\"https:\/\/www.schwarzwaelder-musikanten.de\/\" target=\"_blank\" rel=\"noreferrer noopener\"><img loading=\"lazy\" decoding=\"async\" width=\"400\" height=\"260\" src=\"https:\/\/bj-weilersbach.de\/wp-content\/uploads\/2023\/12\/Logo_Schwarzwaelder_400x260px.gif\" alt=\"\" class=\"wp-image-5469\"\/><\/a><\/figure>\n<\/div>\n\n\n<hr class=\"wp-block-separator has-alpha-channel-opacity\"\/>\n\n\n\n<p>Die weit \u00fcber die Grenzen der Region hinaus bekannten Original Schwarzw\u00e4lder Musikanten unter der musikalischen Leitung von Mathias Gronert \u00fcberzeugen durch ihre feine und gepflegte Blasmusik. Dabei kommen Sie sowohl viele Eigenkompositionen, alt-bekannte Blasmusik von Gr\u00f6\u00dfen wie Enst Mosch oder Rolf Schneebiegl zu Geh\u00f6r, also auch weitestgehend unbekannte Blasmusik-Sch\u00e4tze.<\/p>\n\n\n\n<p>Freuen Sie Sich auf gepflegte Blasmusik der Spitzenklasse im Ambiente unserer sch\u00f6nen Gl\u00f6ckenberghalle!<\/p>\n\n\n\n<hr class=\"wp-block-separator has-alpha-channel-opacity\"\/>\n\n\n\n<p><strong>08.10.2024:<br>Der Vorverkauf ist beendet, Karten sind an der Abendkasse erh\u00e4ltlich!<\/strong><\/p>\n\n\n\n<div class=\"wp-block-buttons is-content-justification-center is-layout-flex wp-container-core-buttons-is-layout-16018d1d wp-block-buttons-is-layout-flex\"><\/div>\n\n\n\n<hr class=\"wp-block-separator has-alpha-channel-opacity\"\/>\n\n\n\n<p><strong>Tickets sind auch erh\u00e4ltlich bei:<\/strong><\/p>\n\n\n\n<p>Ortsverwaltung Weilersbach<\/p>\n\n\n\n<p>Rollstuhlfahrer + Begleitperson bezahlen nur einmal Eintritt.<\/p>\n\n\n\n<p>Termin: 12.10.2024 *** Einlass 18:30 Uhr *** Beginn: 20:00 Uhr *** Freie Platzwahl<\/p>\n\n\n\n<p>***<\/p>\n\n\n\n<p>VVK 12,- EUR \/ Abendkasse 14,- EUR<\/p>\n\n\n\n<figure class=\"wp-block-image size-full\"><img decoding=\"async\" src=\"https:\/\/bj-weilersbach.de\/wp-content\/uploads\/2023\/12\/schwarzwaelder_musikanten.png\" alt=\"\" class=\"wp-image-5468\"\/><\/figure>\n\n\n\n<hr class=\"wp-block-separator has-css-opacity\"\/>\n","protected":false},"excerpt":{"rendered":"<p>Wir feiern am Samstag, 12. Oktober 2024 einen gepflegten Blasmusik-Abend der Extra-Klasse mit den Die weit \u00fcber die Grenzen der Region hinaus bekannten Original Schwarzw\u00e4lder Musikanten unter der musikalischen Leitung<\/p><\/div>\n<div class=\"blog-btn\"><a href=\"https:\/\/bj-weilersbach.de\/?page_id=5467\" class=\"home-blog-btn\">Weiterlesen<\/a><\/p>\n","protected":false},"author":1,"featured_media":0,"parent":0,"menu_order":0,"comment_status":"closed","ping_status":"closed","template":"","meta":{"_lmt_disableupdate":"no","_lmt_disable":"","footnotes":""},"class_list":["post-5467","page","type-page","status-publish","hentry"],"_links":{"self":[{"href":"https:\/\/bj-weilersbach.de\/index.php?rest_route=\/wp\/v2\/pages\/5467","targetHints":{"allow":["GET"]}}],"collection":[{"href":"https:\/\/bj-weilersbach.de\/index.php?rest_route=\/wp\/v2\/pages"}],"about":[{"href":"https:\/\/bj-weilersbach.de\/index.php?rest_route=\/wp\/v2\/types\/page"}],"author":[{"embeddable":true,"href":"https:\/\/bj-weilersbach.de\/index.php?rest_route=\/wp\/v2\/users\/1"}],"replies":[{"embeddable":true,"href":"https:\/\/bj-weilersbach.de\/index.php?rest_route=%2Fwp%2Fv2%2Fcomments&post=5467"}],"version-history":[{"count":2,"href":"https:\/\/bj-weilersbach.de\/index.php?rest_route=\/wp\/v2\/pages\/5467\/revisions"}],"predecessor-version":[{"id":5491,"href":"https:\/\/bj-weilersbach.de\/index.php?rest_route=\/wp\/v2\/pages\/5467\/revisions\/5491"}],"wp:attachment":[{"href":"https:\/\/bj-weilersbach.de\/index.php?rest_route=%2Fwp%2Fv2%2Fmedia&parent=5467"}],"curies":[{"name":"wp","href":"https:\/\/api.w.org\/{rel}","templated":true}]}}

<hr class="wp-block-separator has-css-opacity"/>



<p>Wir feiern am Samstag, 12. Oktober 2024 einen gepflegten Blasmusik-Abend der Extra-Klasse mit den</p>


<div class="wp-block-image">
<figure class="aligncenter size-full"><a href="https://www.schwarzwaelder-musikanten.de/" target="_blank" rel="noreferrer noopener"><img loading="lazy" decoding="async" width="400" height="260" src="https://bj-weilersbach.de/wp-content/uploads/2023/12/Logo_Schwarzwaelder_400x260px.gif" alt="" class="wp-image-5469"/></a></figure>
</div>


<hr class="wp-block-separator has-alpha-channel-opacity"/>



<p>Die weit über die Grenzen der Region hinaus bekannten Original Schwarzwälder Musikanten unter der musikalischen Leitung von Mathias Gronert überzeugen durch ihre feine und gepflegte Blasmusik. Dabei kommen Sie sowohl viele Eigenkompositionen, alt-bekannte Blasmusik von Größen wie Enst Mosch oder Rolf Schneebiegl zu Gehör, also auch weitestgehend unbekannte Blasmusik-Schätze.</p>



<p>Freuen Sie Sich auf gepflegte Blasmusik der Spitzenklasse im Ambiente unserer schönen Glöckenberghalle!</p>



<hr class="wp-block-separator has-alpha-channel-opacity"/>



<p><strong>08.10.2024:<br>Der Vorverkauf ist beendet, Karten sind an der Abendkasse erhältlich!</strong></p>



<div class="wp-block-buttons is-content-justification-center is-layout-flex wp-container-core-buttons-is-layout-16018d1d wp-block-buttons-is-layout-flex"></div>



<hr class="wp-block-separator has-alpha-channel-opacity"/>



<p><strong>Tickets sind auch erhältlich bei:</strong></p>



<p>Ortsverwaltung Weilersbach</p>



<p>Rollstuhlfahrer + Begleitperson bezahlen nur einmal Eintritt.</p>



<p>Termin: 12.10.2024 *** Einlass 18:30 Uhr *** Beginn: 20:00 Uhr *** Freie Platzwahl</p>



<p>***</p>



<p>VVK 12,- EUR / Abendkasse 14,- EUR</p>



<figure class="wp-block-image size-full"><img decoding="async" src="https://bj-weilersbach.de/wp-content/uploads/2023/12/schwarzwaelder_musikanten.png" alt="" class="wp-image-5468"/></figure>



<hr class="wp-block-separator has-css-opacity"/>

<p>Wir feiern am Samstag, 12. Oktober 2024 einen gepflegten Blasmusik-Abend der Extra-Klasse mit den Die weit über die Grenzen der Region hinaus bekannten Original Schwarzwälder Musikanten unter der musikalischen Leitung</p></div>
<div class="blog-btn"><a href="https://bj-weilersbach.de/?page_id=5467" class="home-blog-btn">Weiterlesen</a></p>
