{"id":5095,"date":"2019-11-24T12:13:04","date_gmt":"2019-11-24T11:13:04","guid":{"rendered":"http:\/\/bj-weilersbach.de\/?page_id=5095"},"modified":"2019-11-24T12:13:04","modified_gmt":"2019-11-24T11:13:04","slug":"ausbildung","status":"publish","type":"page","link":"https:\/\/bj-weilersbach.de\/?page_id=5095","title":{"rendered":"Ausbildung"},"content":{"rendered":"\n<p>Sie oder Ihr Kind wollen ein Instrument erlernen?<\/p>\n\n\n\n<p>Dann sind Sie bei der Bl\u00e4serjugend Weilersbach e. V. bzw. dem Musikverein Weilersbach e.V. genau richtig.<\/p>\n\n\n\n<p>Wir informieren Sie gerne \u00fcber die M\u00f6glichkeiten der Ausbildung und der Instrumentenwahl bei uns.<\/p>\n\n\n\n<p>Zust\u00e4ndig f\u00fcr die Ausbildung bei der Bl\u00e4serjugend Weilersbach:<\/p>\n\n\n\n<p><strong>Stefanie Gleichauf<\/strong><\/p>\n\n\n\n<p>Mail: <a href=\"mailto:jugendausbildung@bj-weilersbach.de\">jugendausbildung(at)bj-weilersbach.de<\/a><\/p>\n\n\n\n<p>Wir freuen uns auf Sie!<\/p>\n","protected":false},"excerpt":{"rendered":"<p>Sie oder Ihr Kind wollen ein Instrument erlernen? Dann sind Sie bei der Bl\u00e4serjugend Weilersbach e. V. bzw. dem Musikverein Weilersbach e.V. genau richtig. Wir informieren Sie gerne \u00fcber die<\/p><\/div>\n<div class=\"blog-btn\"><a href=\"https:\/\/bj-weilersbach.de\/?page_id=5095\" class=\"home-blog-btn\">Weiterlesen<\/a><\/p>\n","protected":false},"author":1,"featured_media":0,"parent":0,"menu_order":0,"comment_status":"closed","ping_status":"closed","template":"","meta":{"_lmt_disableupdate":"","_lmt_disable":"","footnotes":""},"class_list":["post-5095","page","type-page","status-publish","hentry"],"_links":{"self":[{"href":"https:\/\/bj-weilersbach.de\/index.php?rest_route=\/wp\/v2\/pages\/5095","targetHints":{"allow":["GET"]}}],"collection":[{"href":"https:\/\/bj-weilersbach.de\/index.php?rest_route=\/wp\/v2\/pages"}],"about":[{"href":"https:\/\/bj-weilersbach.de\/index.php?rest_route=\/wp\/v2\/types\/page"}],"author":[{"embeddable":true,"href":"https:\/\/bj-weilersbach.de\/index.php?rest_route=\/wp\/v2\/users\/1"}],"replies":[{"embeddable":true,"href":"https:\/\/bj-weilersbach.de\/index.php?rest_route=%2Fwp%2Fv2%2Fcomments&post=5095"}],"version-history":[{"count":1,"href":"https:\/\/bj-weilersbach.de\/index.php?rest_route=\/wp\/v2\/pages\/5095\/revisions"}],"predecessor-version":[{"id":5097,"href":"https:\/\/bj-weilersbach.de\/index.php?rest_route=\/wp\/v2\/pages\/5095\/revisions\/5097"}],"wp:attachment":[{"href":"https:\/\/bj-weilersbach.de\/index.php?rest_route=%2Fwp%2Fv2%2Fmedia&parent=5095"}],"curies":[{"name":"wp","href":"https:\/\/api.w.org\/{rel}","templated":true}]}}